at is -1022 + -76010?
-77032
In base 16, what is 4a24 + -daa?
3c7a
In base 3, what is 101200022211 - 1022?
101200021112
In base 2, what is 1110110011 - 11101110?
1011000101
In base 4, what is 11020020103 - 3333?
11020010110
In base 13, what is 10 + 343567?
343577
In base 14, what is 1da2 + -11569?
-d5a7
In base 11, what is -5 + -35994022?
-35994027
In base 6, what is 155041 - -350?
155431
In base 15, what is b + -5a7e621?
-5a7e615
In base 16, what is 4 - -12aa3da?
12aa3de
In base 4, what is 13010033 - -21021?
13031120
In base 8, what is 50064325 - -2?
50064327
In base 12, what is 5349b + -15?
53486
In base 6, what is -3 + -10003435555?
-10003440002
In base 5, what is 100412102 + 112?
100412214
In base 8, what is 3172271 - -11?
3172302
In base 9, what is 1245 + 755778?
757134
In base 4, what is -32321131121 - 2?
-32321131123
In base 4, what is -1003311021 + -12113?
-1003323200
In base 3, what is 210100121212 + 12?
210100122001
In base 4, what is 1 + -32113101200?
-32113101133
In base 8, what is 6335604 - -763?
6336567
In base 6, what is -10 + -1042400320?
-1042400330
In base 4, what is -232220211 - -110?
-232220101
In base 5, what is -10232332 + -304?
-10233141
In base 16, what is 2 - -3c61e07?
3c61e09
In base 16, what is 7fd3c + 4?
7fd40
In base 13, what is 1368 + -5785b?
-564c3
In base 16, what is 5 + -39fcbc9?
-39fcbc4
In base 15, what is 5 + -30e2240?
-30e223a
In base 16, what is bf + -a23c?
-a17d
In base 5, what is -1003313 + 1011?
-1002302
In base 8, what is -20 + -2132015?
-2132035
In base 9, what is -65262584 + -11?
-65262605
In base 11, what is -32aa8 - -3801?
-2a2a7
In base 8, what is 30455 - 31156?
-501
In base 9, what is 45502518 + 25?
45502544
In base 4, what is 221032 - 220031?
1001
In base 7, what is 52531 + 503?
53334
In base 7, what is 25644 - -4545?
33522
In base 3, what is 11 - 11001010111120?
-11001010111102
In base 12, what is 1281756 + -6?
1281750
In base 12, what is -8a2 - 16a367?
-16b049
In base 4, what is -2113 - -10222232231?
10222230112
In base 8, what is -27731 - 15755?
-45706
In base 13, what is -3 - -712b8b9?
712b8b6
In base 6, what is 225043 + -15511?
205132
In base 12, what is 4b + -529106?
-529077
In base 4, what is -120 - -23011323001?
23011322221
In base 12, what is 5 - -159785?
15978a
In base 14, what is -35acd - -5?
-35ac8
In base 4, what is 30320200011 + -211?
30320133200
In base 14, what is -2 - -1219823?
1219821
In base 9, what is 425186261 - 1?
425186260
In base 8, what is 70412 - 315?
70075
In base 16, what is -54d6 - -cb?
-540b
In base 3, what is 11110221001221012 + 1?
11110221001221020
In base 6, what is -331042032 - -35?
-331041553
In base 12, what is -109660 - 3?
-109663
In base 3, what is -20221222 - -2100021121?
2002022122
In base 4, what is -22130312333 + -11?
-22130313010
In base 15, what is 1c0 - -1213?
13d3
In base 4, what is -3 + -12332023303132?
-12332023303201
In base 7, what is -144426 + 1242?
-143154
In base 4, what is 1310303123 + -10211?
1310232312
In base 6, what is -21005 + 554032?
533023
In base 16, what is 36c + -39f4?
-3688
In base 5, what is -24 - 24101143?
-24101222
In base 4, what is -2323013 + 121321?
-2201032
In base 16, what is 103d1b1 + 17?
103d1c8
In base 4, what is 2020213 - -330322?
3011201
In base 5, what is 3 - 322230102?
-322230044
In base 15, what is -3 - -50872a?
508727
In base 4, what is 2103230 - -12133?
2122023
In base 6, what is 31454 + 35?
31533
In base 15, what is -265 - -79841?
795cb
In base 5, what is 444130320 + -2?
444130313
In base 5, what is 11311104114 - 20?
11311104044
In base 8, what is 103 - 72307022?
-72306717
In base 2, what is -111 - 1011111001000001011001011?
-1011111001000001011010010
In base 2, what is -10000100001110011 - 100001100?
-10000100101111111
In base 13, what is -17 - 254293?
-2542aa
In base 9, what is 440027 - -1401?
441428
In base 14, what is 76b7d - a8?
76ab5
In base 3, what is -22 + 1011221210002102?
1011221210002010
In base 3, what is -20012011 - -111010212?
20221201
In base 5, what is -3 + -2133304322?
-2133304330
In base 16, what is -5f - 8442?
-84a1
In base 15, what is -311b6 + d?
-311a8
In base 9, what is 1667 + 12407?
14175
In base 5, what is -2401032 + -120?
-2401202
In base 11, what is -2 - -29619935?
29619933
In base 6, what is -10454221 + 41?
-10454140
In base 12, what is -1617 + -11a?
-1735
In base 9, what is -550 + 305575?
305025
In base 8, what is -123 - -262367?
262244
In base 6, what is 305255111 + -13?
305255054
In base 4, what is -100212 - 222022?
-322300
In base 14, what is 169c4 + -927?
1609b
In base 8, what is -7 + -21652456?
-21652465
In base 9, what is -4 - 3522504?
-3522508
In base 4, what is -2011 + 3033321?
3031310
In base 15, what is -36b1 - -1b6?
-34ea
In base 12, what is 4b5295 - 37?
4b525a
In base 7, what is 3125224 + -132?
3125062
In base 4, what is 322232103212 + 10?
322232103222
In base 13, what is 1339043 + -a?
1339036
In base 3, what is 220 + 10112002220001?
10112002220221
In base 4, what is -3222 - -1023103?
1013221
In base 12, what is b214999 - 4?
b214995
In base 15, what is -3 + acab82?
acab7e
In base 4, what is 211211032201200 - 2?
211211032201132
In base 8, what is -14 - 47412623?
-47412637
In base 4, what is -132202200110022 + -10?
-132202200110032
In base 5, what is -1310104 + -212?
-1310321
In base 2, what is 111011011100000 - -1010111011?
111100110011011
In base 10, what is 26018 + -968?
25050
In base 3, what is -21210112101210101 + 0?
-21210112101210101
In base 5, what is 200424 - 4440320?
-4234341
In base 7, what is 4260 + 1126?
5416
In base 15, what is -8 + 1149b05?
1149aec
In base 7, what is 1 - 1003215334?
-1003215333
In base 11, what is -48672 + -1624?
-4a196
In base 10, what is -10 + -2104052?
-2104062
In base 12, what is -107a8b - 3?
-107a92
In base 16, what is 9a + d208?
d2a2
In base 6, what is 1000215153 - 0?
1000215153
In base 9, what is 483 + 486256?
486750
In base 16, what is 2 - 7282dbd?
-7282dbb
In base 7, what is 1210133 - -1154?
1211320
In base 15, what is -ae9cda8 - 3?
-ae9cdab
In base 3, what is 1022200001211211 - 100?
1022200001211111
In base 16, what is 4ba23b - a?
4ba231
In base 15, what is -1ac - -3546e?
352b2
In base 12, what is 1 - -64075608?
64075609
In base 12, what is 91 - -347730?
347801
In base 2, what is 11 + 1001010111110000010?
1001010111110000101
In base 16, what is -297f - 15f?
-2ade
In base 8, what is 1 - 250011052?
-250011051
In base 7, what is -4040303 - -6055?
-4031215
In base 5, what is 20242040 - 1333?
20240202
In base 2, what is 101100100101010010110 + -10000?
101100100101010000110
In base 3, what is 2220 - 2200002010?
-2122222020
In base 7, what is -12634 - 25461?
-41425
In base 12, what is -1b - -1220aa?
12208b
In base 2, what is 1010100 - -100010111001010000101100?
100010111001010010000000
In base 10, what is -10966783 - -2?
-10966781
In base 9, what is 65883 - 884?
64888
In base 10, what is 620807 - 41?
620766
In base 15, what is ce - 49ea?
-491b
In base 9, what is 566554304 - -2?
566554306
In base 13, what is 199 + -56718?
-5654c
In base 13, what is -2 - 664753?
-664755
In base 6, what is 32 - -2244433?
2244505
In base 10, what is -9768 - -274?
-9494
In base 15, what is 0 - -3482ed0?
3482ed0
In base 12, what is 169455 - 4b?
169406
In base 12, what is 11012192 + 0?
11012192
In base 6, what is 115131222 - 132?
115131050
In base 3, what is -11110 - -12010022212?
12010011102
In base 14, what is 3c - 2988c?
-29850
In base 12, what is 451b379 + -2?
451b377
In base 8, what is -5 + 16640563?
16640556
In base 4, what is -3 + 10010123122130?
10010123122121
In base 7, what is 1234101 - 15332?
1215436
In base 4, what is -10210 - 33223012?
-33233222
In base 11, what is 3940027 - 8?
394001a
In base 5, what is -12 + 224343?
224331
In base 10, what is 35298 - -4644?
39942
In base 9, what is -7 + -4032702?
-4032710
In base 6, what is 1213112200 - -3?
1213112203
In base 4, what is 33203213013131 - 1?
33203213013130
In base 8, what is 5 - -132267545?
132267552
In base 16, what is -3772296 + -2?
-3772298
In base 16, what is -c65de - -23?
-c65bb
In base 6, what is 12133551302 - -2?
12133551304
In base 16, what is 41f7d57c - 3?
41f7d579
In base 12, what is -4b97 + -50a1?
-a078
In base 16, what is 25 - -3f6?
41b
In base 14, what is -5 + -402d90?
-402d95
In base